s of 726317367?
3, 17, 47, 303011
List the prime factors of 393181896.
2, 3, 19, 862241
List the prime factors of 19681462.
2, 9840731
List the prime factors of 37051078.
2, 18525539
List the prime factors of 139866363.
3, 7, 13, 170777
List the prime factors of 205534002.
2, 3, 34255667
What are the prime factors of 35183043?
3, 7, 41, 53, 257
What are the prime factors of 936301976?
2, 6673, 17539
What are the prime factors of 1827911717?
79, 23138123
What are the prime factors of 132495590?
2, 5, 953, 13903
What are the prime factors of 88678841?
88678841
List the prime factors of 409843890.
2, 3, 5, 4553821
What are the prime factors of 2016947411?
2016947411
List the prime factors of 33214620.
2, 3, 5, 241, 2297
What are the prime factors of 41665088?
2, 651017
What are the prime factors of 3357033391?
3357033391
List the prime factors of 588501585.
3, 5, 7, 401, 1553
What are the prime factors of 157976157?
3, 41, 89, 14431
What are the prime factors of 7893135729?
3, 877015081
What are the prime factors of 9760356?
2, 3, 29, 9349
List the prime factors of 44636552.
2, 5579569
What are the prime factors of 195121?
195121
List the prime factors of 640495554.
2, 3, 109, 457, 2143
List the prime factors of 814996848.
2, 3, 821, 20681
List the prime factors of 32612413.
23, 1417931
What are the prime factors of 21673228?
2, 613, 8839
What are the prime factors of 109458355?
5, 457, 47903
List the prime factors of 247060296.
2, 3, 7, 23, 21313
List the prime factors of 25478445.
3, 5, 191, 8893
List the prime factors of 5987960407.
11, 13, 41873849
List the prime factors of 546062911.
61, 8951851
What are the prime factors of 19241476?
2, 683, 7043
What are the prime factors of 1836572728?
2, 113, 587, 3461
List the prime factors of 74520306.
2, 3, 7, 591431
List the prime factors of 537779944.
2, 13, 29, 41, 4349
List the prime factors of 50411605.
5, 2293, 4397
What are the prime factors of 3339534375?
3, 5, 118739
What are the prime factors of 498965244?
2, 3, 41, 1014157
List the prime factors of 1299269520.
2, 3, 5, 31, 58211
What are the prime factors of 1424829227?
79, 107, 168559
What are the prime factors of 4593360?
2, 3, 5, 19139
What are the prime factors of 97403923?
971, 100313
List the prime factors of 48458505.
3, 5, 3230567
What are the prime factors of 433167866?
2, 216583933
List the prime factors of 16805447.
16805447
What are the prime factors of 108281392?
2, 173, 39119
What are the prime factors of 6036539?
47, 128437
List the prime factors of 2365161648.
2, 3, 19, 2593379
What are the prime factors of 6481796896?
2, 6997, 28949
List the prime factors of 771684418.
2, 385842209
What are the prime factors of 1096112133?
3, 53, 1153, 1993
List the prime factors of 226413124.
2, 7, 1155169
List the prime factors of 7445940463.
13, 139, 4120609
What are the prime factors of 862486953?
3, 163, 251, 7027
List the prime factors of 243208886.
2, 1163, 104561
What are the prime factors of 3977816700?
2, 3, 5, 11, 13, 92723
What are the prime factors of 5454442294?
2, 7, 2179, 178799
List the prime factors of 73298848.
2, 7, 337, 971
List the prime factors of 640626374.
2, 320313187
What are the prime factors of 416881329?
3, 223, 383, 1627
List the prime factors of 554646564.
2, 3, 23, 669863
What are the prime factors of 975101069?
113, 8629213
List the prime factors of 208989942.
2, 3, 7, 17, 292703
What are the prime factors of 702077306?
2, 7, 1907, 26297
List the prime factors of 85350534.
2, 3, 643, 22123
List the prime factors of 3593349063.
3, 399261007
What are the prime factors of 2698924152?
2, 3, 37, 3039329
What are the prime factors of 2312380506?
2, 3, 385396751
What are the prime factors of 1301869920?
2, 3, 5, 13, 23, 47, 193
List the prime factors of 228291984.
2, 3, 751, 2111
What are the prime factors of 1214405700?
2, 3, 5, 439, 9221
What are the prime factors of 570928270?
2, 5, 11, 47, 110431
What are the prime factors of 464833699?
11, 2777, 15217
List the prime factors of 156430691.
541, 289151
List the prime factors of 150408139.
7, 21486877
List the prime factors of 76629272.
2, 31, 308989
List the prime factors of 772660890.
2, 3, 5, 1259, 2273
List the prime factors of 435634603.
19, 67, 342211
List the prime factors of 172479652.
2, 1151, 37463
What are the prime factors of 3281090866?
2, 1640545433
List the prime factors of 580313262.
2, 3, 41, 59, 39983
What are the prime factors of 955777827?
3, 318592609
What are the prime factors of 17495238?
2, 3, 19, 43, 83
List the prime factors of 1691109087.
3, 37, 257, 59281
List the prime factors of 320548656.
2, 3, 61, 83, 1319
What are the prime factors of 3054622854?
2, 3, 509103809
List the prime factors of 95605650.
2, 3, 5, 7, 67, 151
What are the prime factors of 23171955?
3, 5, 59, 26183
List the prime factors of 37435237.
7, 23, 157, 1481
What are the prime factors of 1978313987?
13, 17, 53, 168899
List the prime factors of 89413836.
2, 3, 797, 9349
What are the prime factors of 446856040?
2, 5, 11171401
What are the prime factors of 2529184162?
2, 383, 3301807
List the prime factors of 29963361.
3, 19, 73, 379
What are the prime factors of 233618259?
3, 7, 37, 300667
What are the prime factors of 321709322?
2, 11, 191, 76561
What are the prime factors of 15159669?
3, 7, 281, 367
List the prime factors of 71478240.
2, 3, 5, 148913
List the prime factors of 92852821.
67, 1385863
What are the prime factors of 2995567923?
3, 67, 127, 239, 491
What are the prime factors of 2252075004?
2, 3, 37, 151, 11197
List the prime factors of 179755813.
953, 188621
What are the prime factors of 100733018?
2, 37, 191, 7127
List the prime factors of 2387026049.
17, 140413297
List the prime factors of 76081354.
2, 307, 123911
What are the prime factors of 4952343060?
2, 3, 5, 7, 107, 109, 337
List the prime factors of 2132857799.
2132857799
List the prime factors of 1068324760.
2, 5, 26708119
List the prime factors of 3220318770.
2, 3, 5, 5021, 21379
List the prime factors of 992766470.
2, 5, 67, 131, 11311
What are the prime factors of 57866070?
2, 3, 5, 1928869
List the prime factors of 44587677.
3, 571, 26029
List the prime factors of 8577499709.
31, 59, 139, 33739
What are the prime factors of 1950907697?
1950907697
What are the prime factors of 1361400741?
3, 151266749
List the prime factors of 34878730.
2, 5, 17, 199, 1031
What are the prime factors of 41094722?
2, 20547361
What are the prime factors of 461776295?
5, 103, 449, 1997
What are the prime factors of 626410182?
2, 3, 1213, 86069
List the prime factors of 22064959.
7, 419, 7523
What are the prime factors of 442688138?
2, 827, 267647
List the prime factors of 100309645.
5, 19, 31, 34061
What are the prime factors of 638848825?
5, 241, 106033
List the prime factors of 135462677.
7, 67, 288833
List the prime factors of 201783285.
3, 5, 11, 17, 7993
What are the prime factors of 136188932?
2, 11, 3095203
List the prime factors of 50625594.
2, 3, 937511
List the prime factors of 30931673.
30931673
What are the prime factors of 5343133878?
2, 3, 296840771
What are the prime factors of 187880236?
2, 277, 169567
List the prime factors of 8621051.
8621051
What are the prime factors of 144456384?
2, 3, 173, 4349
What are the prime factors of 372966686?
2, 367, 508129
What are the prime factors of 206281049?
13, 15867773
What are the prime factors of 346454420?
2, 5, 13, 1332517
What are the prime factors of 105739022?
2, 71, 744641
List the prime factors of 1242680447.
277, 643, 6977
What are the prime factors of 150754403?
3299, 45697
List the prime factors of 2700387986.
2, 5279, 255767
What are the prime factors of 101061404?
2, 29, 211, 4129
What are the prime factors of 7318850466?
2, 3, 29, 101, 416459
What are the prime factors of 207512673?
3, 69170891
What are the prime factors of 379540352?
2, 19, 156061
What are the prime factors of 359433618?
2, 3, 17, 1823, 1933
What are the prime factors of 1601528890?
2, 5, 13, 911, 13523
List the prime factors of 3052105057.
499, 6116443
What are the prime factors of 1387242869?
29, 59, 277, 2927
What are the prime factors of 1787017220?
2, 5, 17, 43, 122231
List the prime factors of 2514631873.
13, 43, 67, 67141
What are the prime factors of 315407547?
